inder when 8589 is divided by 66?
9
Calculate the remainder when 3931 is divided by 433.
34
What is the remainder when 62685 is divided by 804?
777
What is the remainder when 4370 is divided by 124?
30
What is the remainder when 306789 is divided by 70?
49
What is the remainder when 3507 is divided by 848?
115
Calculate the remainder when 1910 is divided by 9.
2
Calculate the remainder when 92660 is divided by 18532.
0
Calculate the remainder when 16571 is divided by 572.
555
What is the remainder when 51469 is divided by 337?
245
What is the remainder when 12566 is divided by 217?
197
What is the remainder when 7796 is divided by 127?
49
What is the remainder when 30055 is divided by 6?
1
Calculate the remainder when 28993 is divided by 19.
18
What is the remainder when 21699 is divided by 4330?
49
Calculate the remainder when 93 is divided by 12.
9
Calculate the remainder when 2791189 is divided by 212.
209
What is the remainder when 59276 is divided by 29637?
2
What is the remainder when 184489 is divided by 1175?
14
What is the remainder when 26052 is divided by 25979?
73
What is the remainder when 65436 is divided by 16353?
24
Calculate the remainder when 10023 is divided by 4993.
37
Calculate the remainder when 33246 is divided by 52.
18
What is the remainder when 5767 is divided by 5692?
75
Calculate the remainder when 15884 is divided by 572.
440
What is the remainder when 515153 is divided by 138?
137
Calculate the remainder when 2244 is divided by 324.
300
What is the remainder when 13843 is divided by 842?
371
What is the remainder when 14183 is divided by 191?
49
What is the remainder when 272637 is divided by 136315?
7
What is the remainder when 8819 is divided by 53?
21
Calculate the remainder when 220194 is divided by 25.
19
Calculate the remainder when 577 is divided by 183.
28
What is the remainder when 15244 is divided by 493?
454
What is the remainder when 36861 is divided by 2169?
2157
Calculate the remainder when 15977 is divided by 273.
143
What is the remainder when 17309 is divided by 444?
437
Calculate the remainder when 27299 is divided by 554.
153
Calculate the remainder when 3654 is divided by 334.
314
Calculate the remainder when 8623939 is divided by 260.
259
What is the remainder when 275278 is divided by 370?
368
What is the remainder when 19759 is divided by 482?
479
What is the remainder when 232889 is divided by 134?
131
Calculate the remainder when 893 is divided by 248.
149
What is the remainder when 23288 is divided by 204?
32
What is the remainder when 48710 is divided by 24347?
16
Calculate the remainder when 281728 is divided by 5.
3
What is the remainder when 102604 is divided by 173?
15
Calculate the remainder when 23542 is divided by 5872.
54
Calculate the remainder when 75181 is divided by 75119.
62
Calculate the remainder when 7812 is divided by 656.
596
What is the remainder when 299 is divided by 181?
118
Calculate the remainder when 995655 is divided by 68.
67
Calculate the remainder when 103682 is divided by 138.
44
What is the remainder when 13752 is divided by 310?
112
Calculate the remainder when 1419 is divided by 83.
8
Calculate the remainder when 14940 is divided by 3253.
1928
Calculate the remainder when 303302 is divided by 124.
122
What is the remainder when 6692 is divided by 2226?
14
What is the remainder when 35968 is divided by 327?
325
What is the remainder when 7551 is divided by 1876?
47
Calculate the remainder when 3393278 is divided by 964.
962
Calculate the remainder when 107484 is divided by 240.
204
What is the remainder when 8674 is divided by 380?
314
Calculate the remainder when 33270 is divided by 3323.
40
Calculate the remainder when 24146 is divided by 8042.
20
What is the remainder when 111073 is divided by 74?
73
What is the remainder when 4918 is divided by 731?
532
Calculate the remainder when 74302 is divided by 144.
142
What is the remainder when 17755 is divided by 128?
91
What is the remainder when 6351 is divided by 42?
9
Calculate the remainder when 769619 is divided by 60.
59
What is the remainder when 16949 is divided by 26?
23
What is the remainder when 7516 is divided by 313?
4
What is the remainder when 389019 is divided by 39?
33
Calculate the remainder when 4486 is divided by 3716.
770
Calculate the remainder when 311015 is divided by 540.
515
Calculate the remainder when 66684 is divided by 32.
28
Calculate the remainder when 9044 is divided by 83.
80
Calculate the remainder when 910127 is divided by 17.
15
What is the remainder when 699438 is divided by 52?
38
Calculate the remainder when 39975 is divided by 1026.
987
Calculate the remainder when 20633 is divided by 2573.
49
What is the remainder when 5125 is divided by 4118?
1007
What is the remainder when 28102 is divided by 711?
373
What is the remainder when 1701 is divided by 121?
7
What is the remainder when 4117 is divided by 6?
1
Calculate the remainder when 3940936 is divided by 670.
666
What is the remainder when 110513 is divided by 55237?
39
What is the remainder when 17156 is divided by 5717?
5
Calculate the remainder when 3143 is divided by 3139.
4
Calculate the remainder when 1088 is divided by 159.
134
Calculate the remainder when 8501 is divided by 81.
77
Calculate the remainder when 15411 is divided by 1185.
6
Calculate the remainder when 2383 is divided by 395.
13
Calculate the remainder when 11283 is divided by 11269.
14
What is the remainder when 109299 is divided by 6429?
6
What is the remainder when 220629 is divided by 26?
19
What is the remainder when 2817 is divided by 2670?
147
What is the remainder when 747 is divided by 356?
35
What is the remainder when 2465 is divided by 1792?
673
Calculate the remainder when 10373 is divided by 1725.
23
Calculate the remainder when 38027 is divided by 19009.
9
What is the remainder when 16377 is divided by 40?
17
What is the remainder when 601982 is divided by 73?
24
What is the remainder when 93554 is divided by 40?
34
What is the remainder when 65771 is divided by 205?
171
Calculate the remainder when 13214 is divided by 339.
332
Calculate the remainder when 66486 is divided by 545.
541
Calculate the remainder when 18403 is divided by 38.
11
What is the remainder when 1283 is divided by 725?
558
What is the remainder when 1842 is divided by 239?
169
What is the remainder when 8536 is divided by 609?
10
What is the remainder when 18699 is divided by 253?
230
What is the remainder when 2306 is divided by 84?
38
Calculate the remainder when 1566911 is divided by 192.
191
Calculate the remainder when 6866 is divided by 2194.
284
What is the remainder when 183696 is divided by 668?
664
What is the remainder when 89937 is divided by 361?
48
What is the remainder when 7100 is divided by 324?
296
What is the remainder when 134488 is divided by 67242?
4
What is the remainder when 1027962 is divided by 173?
169
What is the remainder when 22361 is divided by 15?
11
What is the remainder when 1472 is divided by 128?
64
What is the remainder when 120166 is divided by 985?
981
What is the remainder when 20100 is divided by 34?
6
What is the remainder when 10419 is divided by 379?
186
What is the remainder when 4147 is divided by 807?
112
What is the remainder when 211826 is divided by 52955?
6
Calculate the remainder when 1676 is divided by 264.
92
What is the remainder when 34709 is divided by 4?
1
What is the remainder when 12736 is divided by 2122?
4
What is the remainder when 2960 is divided by 737?
12
Calculate the remainder when 54099 is divided by 1320.
1299
Calculate the remainder when 19356 is divided by 13.
12
Calculate the remainder when 2410 is divided by 527.
302
Calculate the remainder when 629 is divided by 90.
89
Calculate the remainder when 6785 is divided by 373.
71
What is the remainder when 12681 is divided by 151?
148
What is the remainder when 58892 is divided by 78?
2
Calculate the remainder when 519784 is divided by 208.
200
What is the remainder when 9143 is divided by 3042?
17
Calculate the remainder when 3792814 is divided by 13.
12
Calculate the remainder when 6993 is divided by 1165.
3
Calculate the remainder when 18582 is divided by 101.
99
Calculate the remainder when 122864 is divided by 46.
44
Calculate the r